t z(s) = -27*s**2 + 4 - 9*s - s**3 + 21*s**2 + 16*s. Determine z(-7).
4
Let w(s) = 197 + 3*s - 397 + 196. Calculate w(-4).
-16
Let v be (-444)/30 + 1/(-5). Let n = v - -5. Let u = n + 13. Let y(m) = -m**3 + 4*m**2 - 2*m - 3. What is y(u)?
0
Let r(t) be the third derivative of t**6/120 + t**5/15 + t**4/6 + 2*t**3/3 + 6*t**2 - 2. Let q = -1 + -3. Give r(q).
-12
Let w(x) be the second derivative of -x**5/20 + x**4 + 2*x**3 + 8*x**2 - x - 1. Give w(13).
3
Let n(g) be the second derivative of g**8/2240 - g**7/2520 - g**6/720 + 37*g**4/12 + 25*g. Let x(l) be the third derivative of n(l). Give x(-1).
-3
Let r(g) = -g**2 + g + 5. Let h(a) = a**2 + a - 6. Let f = -13 - -17. Suppose 2*j = f*w + 6, 3*w - 2 = 2*j - 5. Let k be h(j). Give r(k).
5
Let y(g) = -g**2 + 2*g. Let u(x) = x**3 - 8*x**2 - 6*x + 10. Let d(r) = -u(r) + y(r). Determine d(8).
-10
Suppose 65 + 59 = -4*b. Let c = b + 23. Let p(o) = -o - 8. What is p(c)?
0
Let m be 3 + -9 + 0 + -1. Let n be (-28)/(-98) + 9/m. Let g be (-7)/n*2/14. Let t(q) = -q**3 - 1. What is t(g)?
-2
Let g(k) be the third derivative of k**5/20 - 11*k**4/12 + 5*k**3/3 - 2*k**2 + 131. What is g(7)?
3
Let s(u) be the second derivative of 2*u**2 + 2/3*u**3 + 0 + 7*u - 1/12*u**4. Let x(v) = -v**3 - 3*v**2 - 2*v - 2. Let b be x(-3). Give s(b).
4
Let n(p) = 24*p + 36. Let c(q) = -11*q - 17. Let s(x) = -13*c(x) - 6*n(x). Let h = 7 - 3. Give s(h).
1
Let g(t) = -t - 6. Let z(q) = 5*q - 8. Let s(d) = 3*g(d) - 2*z(d). Determine s(1).
-15
Let z(q) = -q + 1. Let l(c) = -c + 1. Let o be l(-6). Let d(j) = -j**3 - 11*j**2 + j + 13. Let m be d(-11). Suppose o - 3 = m*k. Determine z(k).
-1
Suppose -2*n = 4*c - 42, c - 5*c = 3*n - 47. Let o = c + -14. Let k(l) = -11 - l + 2*l - 2*l. Calculate k(o).
-5
Let w(i) be the second derivative of -i**4/12 - 3*i**3/2 - 5*i**2 + 149*i. Suppose -2*u = -0*u + 16. Give w(u).
-2
Let i(k) = -k**3 - k**2 - k. Let d(j) = -7*j**3 + 4*j**2 - 7*j + 13. Let w(v) = d(v) - 6*i(v). What is w(10)?
3
Suppose -3*b + 3*h = 6, -9*b + 10*b = -5*h - 32. Let l(f) = -f**3 - 7*f**2 - 3*f - 8. Calculate l(b).
13
Let w = 42 - 40. Let m be (5*-1)/((-3)/6*w). Let y(z) = -z**3 + 6*z**2 - 7*z + 5. Calculate y(m).
-5
Let y(r) = 2*r + 17. Let k(x) = -9*x - 86. Let w(z) = -2*k(z) - 11*y(z). Let t be w(-5). Let c(a) = -a + 6. Calculate c(t).
1
Suppose -3*o - 5*t - 28 = 0, -o - 3*t = -4*t + 4. Let q(u) be the third derivative of u**4/24 + u**3/3 + 2*u**2. What is q(o)?
-4
Let q(v) be the first derivative of -v**4/4 + v**3 - v**2 - 2*v - 261. What is q(3)?
-8
Let m(s) = -s**3 - 3*s**2 - 1. Let t be (-15)/(-9)*(1 + 2) - 0. Suppose 2*l - 1 = -t. Give m(l).
-5
Let z(y) = y + 1. Let i = 153 - 81. Let m = i + -74. Give z(m).
-1
Let o(s) = -2*s**2 - s + 2. Let w = -3 - -1. Let u(f) = -2*f**2 + 14 - 17 - 5*f + f. Let j be u(w). What is o(j)?
-13
Let n(k) = -2*k**2 + k - 2. Let u = -833 + 833. What is n(u)?
-2
Let j(f) = -6*f**2 - f**3 + 31*f - 46 + 56 - 58*f + 32*f. Give j(-5).
-40
Suppose 0 = -89*d - 131 - 47. Let v(i) = -28*i - 2. What is v(d)?
54
Suppose -2*h + 8 + 3 = 5*v, 0 = 5*h - 2*v - 13. Let c(u) be the third derivative of h*u**2 + 0*u - 5/6*u**3 - 1/60*u**5 - 1/4*u**4 + 0. What is c(-5)?
0
Suppose -l = 4*d - 8, -2*d + 4*l = -d + 15. Let b(o) = -10*o**2 - d - 6 + 9*o**2 + 5*o. What is b(6)?
-13
Suppose 10 = -k + 6*k. Suppose 17*j - 17 = 34. Let y(r) = r**3 - r**2 - 3*r - 3. Let h(q) = -q**3 + 3*q + 2. Let i(p) = j*h(p) + k*y(p). What is i(-3)?
0
Let i(u) be the first derivative of u**6/360 + u**5/20 + u**4/8 - u**3 - 1. Let o(h) be the third derivative of i(h). What is o(-5)?
-2
Let j(u) = 11*u - 3. Let x be j(5). Let m = x - 47. Let o(k) = -k**3 + 3*k**2 + 6*k + 5. Calculate o(m).
-15
Let f(k) be the third derivative of -k**6/120 + 11*k**5/60 - 5*k**4/12 + k**3/2 + 147*k**2 + 1. Determine f(10).
3
Let h(l) be the second derivative of -l**5/20 - 5*l**4/12 - 5*l**3/6 + l**2 - 80*l. Give h(-4).
6
Suppose 14 = t - 4*u, t + 4*u + 10 = -0*t. Suppose t*c = -5*c - 63. Let w(p) be the third derivative of -p**4/24 - 4*p**3/3 - p**2. Calculate w(c).
1
Let o be (-3 - -5)*(1 - -1) - 0. Let w(i) = o*i**2 + i - 5*i**2 - 44 + 45. Give w(0).
1
Let j(b) = 12*b - 42. Let h(d) = -11*d + 43. Let t(p) = 7*h(p) + 6*j(p). Let s be t(11). Let o(a) = -a**2 - 7*a - 6. Give o(s).
0
Let f(v) be the first derivative of v**4/4 + 7*v**3/3 - v**2 - v - 106. What is f(-7)?
13
Let h(w) be the first derivative of -7*w**4/12 - w**3/6 - 13*w - 18. Let p(u) be the first derivative of h(u). What is p(1)?
-8
Let u(g) = g**2 + 7*g. Suppose -3*q + 5*k = q + 14, 2*q - 2*k + 6 = 0. Let s be (q - 1)*5/2. What is u(s)?
-10
Let g(u) = u**2 + 8*u - 14. Let i = 22 + -32. Let x be g(i). Suppose 4*p - 2*l - l + x = 0, 2*l = -3*p - 13. Let m(s) = -2*s**2 - 5*s - 3. What is m(p)?
-6
Let t(p) = 2*p + 7. Suppose -h - 41 = -10. Let s = -36 - h. Determine t(s).
-3
Let f(i) = 2*i - 5. Let g be f(7). Let u(t) = t + g - 38 + 6 + 9. Calculate u(10).
-4
Let i(z) = 7*z**3 + 3*z**2 + 9*z - 7. Let f(h) = 8*h**3 + 4*h**2 + 11*h - 8. Let r(x) = -6*f(x) + 7*i(x). Give r(4).
3
Let g(j) = -12*j**3 - 9*j**3 + 22*j**3 + 0*j - 1 - j. Determine g(2).
5
Let c = -136 - -142. Let t(m) = -m**3 + 6*m**2 + 3*m - 14. Determine t(c).
4
Suppose -3*p + 3*l = -l - 11, -3*p - 14 = l. Let a(h) = -3*h**2 + 12*h + 6. Let d(z) = 4*z**2 - 18*z - 9. Let i(x) = -7*a(x) - 5*d(x). Give i(p).
-6
Let x(a) be the second derivative of -a**4/6 + 11*a**3/6 - 11*a**2/2 + 198*a. Give x(5).
-6
Let k(u) = 3*u**3 - u + 1. Let b be ((-25)/(-15))/((-50)/(-12) - 5). What is k(b)?
-21
Suppose -2*a + 4*a = 34. Let v = 21 - a. Suppose -18 = z - v*z. Let g(i) = -i + 5. What is g(z)?
-1
Let f(l) = -19*l + 10*l + 6*l. Let t(y) = y**2 + 8*y + 2. Let w be t(-8). Determine f(w).
-6
Let y(r) be the third derivative of r**5/120 - r**4/8 - r**3/3 + 12*r**2. Let z(p) be the first derivative of y(p). Determine z(2).
-1
Let j(k) = -4*k + k**3 - 239*k**2 + 119*k**2 + 123*k**2 + 1. What is j(-3)?
13
Let q be (-4)/34 - 420/(-102). Let s(x) = 2*x - 15 + 3 + x**2 + q + 4. Give s(-4).
4
Let j(r) be the second derivative of r**3/6 + r**2/2 + 96*r. What is j(10)?
11
Suppose -85 + 83 = 2*b. Let c be (-13)/(-3) - (-2)/(-6). Let s(n) = 2*n**2 + 2*n - 3. Let j(d) = 4*d**2 + 4*d - 7. Let l(f) = c*j(f) - 9*s(f). Give l(b).
-1
Let v(c) = 20*c - 127. Let a be v(6). Let i(m) = -3*m**2 + 11*m + 25. Let f(h) = -2*h**2 + 7*h + 17. Let r(y) = a*f(y) + 5*i(y). Let u = -8 - -13. Give r(u).
11
Suppose q - 4 - 7 = 2*w, -5*w - 26 = -q. Let y(v) = -2*v - v**3 + 2*v**2 + 3*v**2 - 2*v**2 - q + 4. What is y(2)?
3
Let f(k) be the second derivative of 2*k**2 + 1/20*k**5 + 3/2*k**3 - 17*k + 0 - 5/6*k**4. Give f(9).
4
Let f(r) be the third derivative of -r**5/60 + r**3/6 - 162*r**2. Determine f(-3).
-8
Let z(y) be the second derivative of y**4/12 - 17*y**3/6 + 12*y**2 - 153*y. Calculate z(15).
-6
Let n(c) = -c + 2. Let b(j) = j**3 + 15*j**2 + 24*j - 6. Let o(h) = -h**3 - 16*h**2 - 25*h + 7. Let f(d) = -3*b(d) - 2*o(d). Let q be f(-11). Calculate n(q).
-2
Let j(r) = 20*r - 98. Let z be j(5). Let s(m) be the first derivative of -m**3/3 + 5*m**2/2 - m - 7. What is s(z)?
5
Let v(i) = 6*i**2 + i - 9. Let q(g) = -7*g**2 + 9. Let w(j) = -5*q(j) - 6*v(j). Calculate w(-7).
2
Suppose 57*r - 38*r = 57. Let w(z) = 3*z**2 + 3*z - 1. Give w(r).
35
Let z(i) = -i**3 - 5*i**2 + 10*i + 9. Let f(p) be the first derivative of -p**3/3 + 4*p**2 + 14*p - 1. Let h be f(10). Give z(h).
-15
Suppose n - 3*n = -16. Suppose n = -10*j + 6*j. Let x be (-3)/(j*(-1)/2). Let f(b) = 2*b - 1. Determine f(x).
-7
Suppose -3*o - 2*p = -3*p - 11, -3*p + 11 = 2*o. Let b(c) = -5*c + 1 + 3*c + o*c. Suppose l - 2 = 1. Give b(l).
7
Suppose -10*y - 612 = -602. Let j(i) = -25*i**2 + 2*i + 1. Determine j(y).
-26
Let q(y) = 3*y - 9. Suppose 7*d + 9*d - 112 = 0. Let h(x) = -2*x + 4. Let t(l) = l**3 + l**2 + l + 3. Let a be t(0). Let u(v) = a*q(v) + d*h(v). Determine u(1).
-4
Let s(u) = -u**2 + 2. Suppose -2*v = 4, -a - v + 2*v = -10. Let b be (-8)/(-28) - 58/7. Let t = b + a. Determine s(t).
2
Let m(g) = -43*g - 39*g + 81*g. Suppose 5 = -6*p + 17. Suppose -3 = 2*k - 3*k + p*f, -2*k + 3 = -f. Give m(k).
-1
Let w(o) = -5*o**3 + 7*o**2 - 7*o + 4. Let f(j) = -12*j**3 + 14*j**2 - 15*j + 7. Let i(u) = 2*f(u) - 5*w(u). Give i(6).
-12
Let d